24.156.135.214 - - [06/Nov/2004:21:37:54 -0500] "GET /images/gastronome_215_50.jpg HTTP/1.1" 200 7944 "http://regency.estarcion.com/~mt/gastronome/archives/001018.html" "Mozilla/4.0 (compatible; MSIE 6.0; Windows NT 5.0) Opera 7.54 [en]"
207.46.98.58 - - [06/Nov/2004:21:38:50 -0500] "GET /images/bornschlegel/christmas2002/Pages/Image22.html HTTP/1.0" 200 364 "-" "msnbot/0.3 (+http://search.msn.com/msnbot.htm)"
207.46.98.58 - - [06/Nov/2004:21:39:16 -0500] "GET /images/bornschlegel/christmas2002/Pages/Image24.html HTTP/1.0" 200 346 "-" "msnbot/0.3 (+http://search.msn.com/msnbot.htm)"
69.241.230.94 - - [06/Nov/2004:21:39:45 -0500] "GET /images/ubvb_spill.jpg HTTP/1.1" 200 10596 "http://www.bossanova.com/meriko/archives/2002_10.html" "Mozilla/5.0 (Windows; U; Windows NT 5.1; rv:1.7.3) Gecko/20041001 Firefox/0.10.1"
69.241.230.94 - - [06/Nov/2004:21:39:45 -0500] "GET /shock/images/tokyo/metro1.jpg HTTP/1.1" 200 49765 "http://www.bossanova.com/meriko/archives/2002_10.html" "Mozilla/5.0 (Windows; U; Windows NT 5.1; rv:1.7.3) Gecko/20041001 Firefox/0.10.1"
69.241.230.94 - - [06/Nov/2004:21:39:45 -0500] "GET /shock/images/tokyo/trees2.jpg HTTP/1.1" 200 32768 "http://www.bossanova.com/meriko/archives/2002_10.html" "Mozilla/5.0 (Windows; U; Windows NT 5.1; rv:1.7.3) Gecko/20041001 Firefox/0.10.1"
69.241.230.94 - - [06/Nov/2004:21:39:46 -0500] "GET /shock/images/tokyo/andy.jpg HTTP/1.1" 200 57906 "http://images.google.com/imgres?imgurl=http://www.estarcion.com/shock/images/tokyo/andy.jpg&imgrefurl=http://www.bossanova.com/meriko/archives/2002_10.html&h=370&w=360&sz=57&tbnid=Iwt6dwQT330J:&tbnh=117&tbnw=114&prev=/images%3Fq%3Dandy%2Bwarhol%26start%3D120%26hl%3Den%26lr%3D%26sa%3DN&frame=small" "Mozilla/5.0 (Windows; U; Windows NT 5.1; rv:1.7.3) Gecko/20041001 Firefox/0.10.1"
69.241.230.94 - - [06/Nov/2004:21:39:46 -0500] "GET /favicon.ico HTTP/1.1" 404 217 "-" "Mozilla/5.0 (Windows; U; Windows NT 5.1; rv:1.7.3) Gecko/20041001 Firefox/0.10.1"
69.241.230.94 - - [06/Nov/2004:21:39:48 -0500] "GET /shock/images/tokyo/metro1.jpg HTTP/1.1" 206 19416 "http://www.bossanova.com/meriko/archives/2002_10.html" "Mozilla/5.0 (Windows; U; Windows NT 5.1; rv:1.7.3) Gecko/20041001 Firefox/0.10.1"
69.241.230.94 - - [06/Nov/2004:21:39:49 -0500] "GET /shock/images/tokyo/trees2.jpg HTTP/1.1" 206 32768 "http://www.bossanova.com/meriko/archives/2002_10.html" "Mozilla/5.0 (Windows; U; Windows NT 5.1; rv:1.7.3) Gecko/20041001 Firefox/0.10.1"
207.46.98.58 - - [06/Nov/2004:21:40:23 -0500] "GET /images/bornschlegel/christmas2002/Pages/Image13.html HTTP/1.0" 200 352 "-" "msnbot/0.3 (+http://search.msn.com/msnbot.htm)"
207.46.98.58 - - [06/Nov/2004:21:40:33 -0500] "GET /images/bornschlegel/christmas2002/Pages/Image3.html HTTP/1.0" 200 363 "-" "msnbot/0.3 (+http://search.msn.com/msnbot.htm)"
207.46.98.58 - - [06/Nov/2004:21:41:24 -0500] "GET /images/bornschlegel/christmas2002/Pages/Image26.html HTTP/1.0" 200 340 "-" "msnbot/0.3 (+http://search.msn.com/msnbot.htm)"
207.46.98.58 - - [06/Nov/2004:21:41:33 -0500] "GET /images/bornschlegel/christmas2002/Pages/Image20.html HTTP/1.0" 200 361 "-" "msnbot/0.3 (+http://search.msn.com/msnbot.htm)"
207.46.98.58 - - [06/Nov/2004:21:43:10 -0500] "GET /images/bornschlegel/christmas2002/Pages/Image15.html HTTP/1.0" 200 361 "-" "msnbot/0.3 (+http://search.msn.com/msnbot.htm)"
207.46.98.58 - - [06/Nov/2004:21:43:35 -0500] "GET /images/bornschlegel/christmas2002/Pages/Image5.html HTTP/1.0" 200 357 "-" "msnbot/0.3 (+http://search.msn.com/msnbot.htm)"
69.242.161.190 - - [06/Nov/2004:21:46:10 -0500] "GET /shock/food/recipes/redpeppersoup.shtml HTTP/1.1" 200 11474 "-" "Mozilla/4.0 (compatible; MSIE 6.0; Windows NT 5.1; SV1; .NET CLR 1.1.4322)"
69.242.161.190 - - [06/Nov/2004:21:46:11 -0500] "GET /shock/food/images/clear.gif HTTP/1.1" 200 49 "-" "Mozilla/4.0 (compatible; MSIE 6.0; Windows NT 5.1; SV1; .NET CLR 1.1.4322)"
69.242.161.190 - - [06/Nov/2004:21:46:11 -0500] "GET /shock/food/images/kitchen.jpg HTTP/1.1" 200 11739 "-" "Mozilla/4.0 (compatible; MSIE 6.0; Windows NT 5.1; SV1; .NET CLR 1.1.4322)"
24.46.165.134 - - [06/Nov/2004:21:46:39 -0500] "GET /favicon.ico HTTP/1.1" 404 217 "-" "Mozilla/4.0 (compatible; MSIE 6.0; Windows NT 5.1; .NET CLR 1.0.3705)"
207.46.98.58 - - [06/Nov/2004:21:48:58 -0500] "GET /shock/food/recipes/sunomono.shtml HTTP/1.0" 200 10128 "-" "msnbot/0.3 (+http://search.msn.com/msnbot.htm)"
207.46.98.58 - - [06/Nov/2004:21:51:05 -0500] "GET /shock/food/recipes/tzatziki.shtml HTTP/1.0" 200 9762 "-" "msnbot/0.3 (+http://search.msn.com/msnbot.htm)"
65.78.36.149 - - [06/Nov/2004:21:53:43 -0500] "GET /images/gastronome_640_100.jpg HTTP/1.1" 200 18472 "http://regency.estarcion.com/~mt/gastronome/rebecca.html" "Mozilla/5.0 (Macintosh; U; PPC Mac OS X; en-us) AppleWebKit/125.5.5 (KHTML, like Gecko) Safari/125.11"
64.85.245.101 - - [06/Nov/2004:21:54:50 -0500] "GET /images/gastronome_215_50.jpg HTTP/1.1" 200 7944 "http://regency.estarcion.com/~mt/gastronome/archives/000775.html" "Mozilla/4.0 (compatible; MSIE 5.5; Windows 95; FunWebProducts)"
207.46.98.58 - - [06/Nov/2004:21:56:07 -0500] "GET /shock/food/recipes/hummus.shtml HTTP/1.0" 200 9578 "-" "msnbot/0.3 (+http://search.msn.com/msnbot.htm)"
66.185.85.73 - - [06/Nov/2004:21:56:46 -0500] "GET /images/ubvb_spill.jpg HTTP/1.1" 200 10596 "http://www.bossanova.com/meriko/archives/2002_05.html" "Mozilla/4.0 (compatible; MSIE 6.0; Windows NT 5.1; FunWebProducts; SV1)"
66.185.85.73 - - [06/Nov/2004:21:56:46 -0500] "GET /images/frenchlaundry/clothespinwhitetall.jpg HTTP/1.1" 200 18982 "http://www.bossanova.com/meriko/archives/2002_05.html" "Mozilla/4.0 (compatible; MSIE 6.0; Windows NT 5.1; FunWebProducts; SV1)"
66.185.85.73 - - [06/Nov/2004:21:56:46 -0500] "GET /shock/images/manyslingsm.jpeg HTTP/1.1" 200 16683 "http://www.bossanova.com/meriko/archives/2002_05.html" "Mozilla/4.0 (compatible; MSIE 6.0; Windows NT 5.1; FunWebProducts; SV1)"
66.185.85.73 - - [06/Nov/2004:21:56:46 -0500] "GET /shock/images/manyslingsm.jpeg HTTP/1.1" 200 16683 "http://www.bossanova.com/meriko/archives/2002_05.html" "Mozilla/4.0 (compatible; MSIE 6.0; Windows NT 5.1; FunWebProducts; SV1)"
66.185.85.73 - - [06/Nov/2004:21:56:47 -0500] "GET /shock/images/lemonlimesm.jpg HTTP/1.1" 200 108099 "http://images.google.ca/imgres?imgurl=http://www.estarcion.com/shock/images/lemonlimesm.jpg&imgrefurl=http://www.bossanova.com/meriko/archives/2002_05.html&h=493&w=480&sz=106&tbnid=zX3bDS9AXMkJ:&tbnh=126&tbnw=123&prev=/images%3Fq%3Dlimes%2Band%2Blemons%26start%3D40%26hl%3Den%26lr%3D%26safe%3Doff%26sa%3DN&frame=small" "Mozilla/4.0 (compatible; MSIE 6.0; Windows NT 5.1; FunWebProducts; SV1)"
66.185.85.80 - - [06/Nov/2004:21:56:54 -0500] "GET /images/ubvb_spill.jpg HTTP/1.1" 200 10596 "http://www.bossanova.com/meriko/archives/2002_05.html" "Mozilla/4.0 (compatible; MSIE 6.0; Windows NT 5.1; FunWebProducts; SV1)"
66.185.85.80 - - [06/Nov/2004:21:56:54 -0500] "GET /images/frenchlaundry/clothespinwhitetall.jpg HTTP/1.1" 200 18982 "http://www.bossanova.com/meriko/archives/2002_05.html" "Mozilla/4.0 (compatible; MSIE 6.0; Windows NT 5.1; FunWebProducts; SV1)"
207.46.98.58 - - [06/Nov/2004:21:57:50 -0500] "GET /images/bornschlegel/christmas2002/Pages/Image28.html HTTP/1.0" 200 385 "-" "msnbot/0.3 (+http://search.msn.com/msnbot.htm)"
207.46.98.58 - - [06/Nov/2004:21:59:03 -0500] "GET /images/bornschlegel/christmas2002/Pages/Image6.html HTTP/1.0" 200 354 "-" "msnbot/0.3 (+http://search.msn.com/msnbot.htm)"
218.179.180.127 - - [06/Nov/2004:21:59:15 -0500] "GET /tinygod/tinygod.html HTTP/1.1" 200 539 "http://pir.at.infoseek.co.jp/vstplugin7.html" "Mozilla/4.0 (compatible; MSIE 6.0; Windows NT 5.1; SV1)"
218.179.180.127 - - [06/Nov/2004:21:59:15 -0500] "GET /tinygod/biglogo.gif HTTP/1.1" 200 8910 "http://www.estarcion.com/tinygod/tinygod.html" "Mozilla/4.0 (compatible; MSIE 6.0; Windows NT 5.1; SV1)"
207.46.98.58 - - [06/Nov/2004:22:00:05 -0500] "GET /images/bornschlegel/christmas2002/Pages/Image9.html HTTP/1.0" 200 363 "-" "msnbot/0.3 (+http://search.msn.com/msnbot.htm)"
207.46.98.58 - - [06/Nov/2004:22:00:57 -0500] "GET /images/bornschlegel/christmas2002/Pages/Image11.html HTTP/1.0" 200 364 "-" "msnbot/0.3 (+http://search.msn.com/msnbot.htm)"
67.160.211.9 - - [06/Nov/2004:22:01:22 -0500] "GET /images/gastronome_640_100.jpg HTTP/1.1" 200 18472 "http://regency.estarcion.com/~mt/gastronome/" "Mozilla/5.0 (Macintosh; U; PPC Mac OS X; en-us) AppleWebKit/125.4 (KHTML, like Gecko) Safari/125.9"
66.185.85.73 - - [06/Nov/2004:22:01:47 -0500] "GET /images/frenchlaundry/russelldoor.jpg HTTP/1.1" 200 22857 "http://www.bossanova.com/meriko/archives/2002_05.html" "Mozilla/4.0 (compatible; MSIE 6.0; Windows NT 5.1; FunWebProducts; SV1)"
67.160.211.9 - - [06/Nov/2004:22:01:50 -0500] "GET /images/gastronome_215_50.jpg HTTP/1.1" 200 7944 "http://www.exrecto.com/gastronome/archives/002598.html" "Mozilla/5.0 (Macintosh; U; PPC Mac OS X; en-us) AppleWebKit/125.4 (KHTML, like Gecko) Safari/125.9"
66.185.85.80 - - [06/Nov/2004:22:01:55 -0500] "GET /images/frenchlaundry/russelldoor.jpg HTTP/1.1" 200 22857 "http://www.bossanova.com/meriko/archives/2002_05.html" "Mozilla/4.0 (compatible; MSIE 6.0; Windows NT 5.1; FunWebProducts; SV1)"
68.37.250.228 - - [06/Nov/2004:22:04:21 -0500] "GET /images/gastronome_215_50.jpg HTTP/1.1" 200 7944 "http://regency.estarcion.com/~mt/gastronome/archives/000973.html" "Mozilla/4.0 (compatible; MSIE 6.0; Windows NT 5.0; Q312461; ASIE)"
12.202.101.232 - - [06/Nov/2004:22:04:47 -0500] "GET /images/gastronome_215_50.jpg HTTP/1.1" 200 7944 "http://regency.estarcion.com/~mt/gastronome/archives/000930.html" "Mozilla/4.0 (compatible; MSIE 6.0; Windows NT 5.1; .NET CLR 1.0.3705)"
66.194.6.79 - - [06/Nov/2004:22:05:53 -0500] "GET /sylvain/ HTTP/1.1" 200 2351 "-" "Mozilla/5.0 (compatible; Konqueror/3.0-rc5; i686 Linux; 20020513)"
24.46.195.160 - - [06/Nov/2004:22:11:15 -0500] "GET /images/gastronome_640_100.jpg HTTP/1.1" 200 18472 "http://www.exrecto.com/gastronome/" "Mozilla/4.0 (compatible; MSIE 6.0; Windows NT 5.0; .NET CLR 1.1.4322)"
24.46.195.160 - - [06/Nov/2004:22:11:19 -0500] "GET /images/gastronome_640_100.jpg HTTP/1.1" 304 - "http://www.exrecto.com/gastronome/" "Mozilla/4.0 (compatible; MSIE 6.0; Windows NT 5.0; .NET CLR 1.1.4322)"
209.237.238.175 - - [06/Nov/2004:22:11:39 -0500] "GET /robots.txt HTTP/1.0" 404 204 "-" "ia_archiver"
209.237.238.175 - - [06/Nov/2004:22:11:39 -0500] "GET /shock/food/recipes/saffronpasta.sthml HTTP/1.0" 404 231 "-" "ia_archiver"
24.46.195.160 - - [06/Nov/2004:22:11:44 -0500] "GET /images/gastronome_640_100.jpg HTTP/1.1" 304 - "http://www.exrecto.com/gastronome/" "Mozilla/4.0 (compatible; MSIE 6.0; Windows NT 5.0; .NET CLR 1.1.4322)"
24.46.195.160 - - [06/Nov/2004:22:11:58 -0500] "GET /images/gastronome_215_50.jpg HTTP/1.1" 200 7944 "http://www.exrecto.com/gastronome/archives/002608.html" "Mozilla/4.0 (compatible; MSIE 6.0; Windows NT 5.0; .NET CLR 1.1.4322)"
193.29.77.220 - - [06/Nov/2004:22:12:37 -0500] "GET /robots.txt HTTP/1.0" 404 204 "-" "Mozilla/4.7 [en] (X11; I; SunOS 5.8 sun4u)"
209.237.238.175 - - [06/Nov/2004:22:12:47 -0500] "GET /shock/food/recipes/stufflamb.shtml HTTP/1.0" 200 10602 "-" "ia_archiver"
209.237.238.175 - - [06/Nov/2004:22:13:09 -0500] "GET /shock/food/recipes/salmoncilantro.shtml HTTP/1.0" 200 11222 "-" "ia_archiver"
209.237.238.175 - - [06/Nov/2004:22:13:21 -0500] "GET /shock/food/recipes/salmonanchovy.shtml HTTP/1.0" 200 10337 "-" "ia_archiver"
24.46.195.160 - - [06/Nov/2004:22:13:23 -0500] "GET /images/gastronome_640_100.jpg HTTP/1.1" 304 - "http://www.exrecto.com/gastronome/" "Mozilla/4.0 (compatible; MSIE 6.0; Windows NT 5.0; .NET CLR 1.1.4322)"
209.237.238.175 - - [06/Nov/2004:22:13:25 -0500] "GET /shock/food/recipes/roastchicken.shtml HTTP/1.0" 200 11820 "-" "ia_archiver"
209.237.238.175 - - [06/Nov/2004:22:13:41 -0500] "GET /shock/food/recipes/sunomono.shtml HTTP/1.0" 200 10128 "-" "ia_archiver"
24.46.195.160 - - [06/Nov/2004:22:13:50 -0500] "GET /images/gastronome_215_50.jpg HTTP/1.1" 304 - "http://www.exrecto.com/gastronome/archives/cat_recipes_basics.html" "Mozilla/4.0 (compatible; MSIE 6.0; Windows NT 5.0; .NET CLR 1.1.4322)"
209.237.238.175 - - [06/Nov/2004:22:14:03 -0500] "GET /shock/food/recipes/tzatziki.shtml HTTP/1.0" 200 9762 "-" "ia_archiver"
64.121.9.29 - - [06/Nov/2004:22:16:23 -0500] "GET /images/gastronome_215_50.jpg HTTP/1.1" 200 7944 "http://regency.estarcion.com/~mt/gastronome/archives/000973.html" "Mozilla/5.0 (Windows; U; Windows NT 5.1; rv:1.7.3) Gecko/20040913 Firefox/0.10.1"
152.163.100.68 - - [06/Nov/2004:22:17:20 -0500] "GET /deviant/115-syl.html HTTP/1.0" 200 28096 "http://web.ask.com/web?q=explain+elite+deviance+theory&qsrc=1&o=0" "Mozilla/4.0 (compatible; MSIE 6.0; AOL 9.0; Windows NT 5.1)"
211.200.208.39 - - [06/Nov/2004:22:26:10 -0500] "GET /images/gastronome_640_100.jpg HTTP/1.1" 200 18472 "http://www.exrecto.com/gastronome/" "Mozilla/4.0 (compatible; MSIE 6.0; Windows NT 5.1; Maxthon; .NET CLR 1.1.4322)"
149.159.114.84 - - [06/Nov/2004:22:26:23 -0500] "GET /kaleja/xrogue.html HTTP/1.1" 200 75808 "-" "Mozilla/4.0 (compatible; MSIE 6.0; Windows NT 5.1; .NET CLR 1.1.4322)"
64.167.254.141 - - [06/Nov/2004:22:28:05 -0500] "GET /images/gastronome_215_50.jpg HTTP/1.1" 200 7944 "http://regency.estarcion.com/~mt/gastronome/archives/000812.html" "Mozilla/5.0 (Macintosh; U; PPC Mac OS X; en-us) AppleWebKit/124 (KHTML, like Gecko) Safari/85"
64.85.245.101 - - [06/Nov/2004:22:28:16 -0500] "GET /images/gastronome_215_50.jpg HTTP/1.1" 304 - "http://regency.estarcion.com/~mt/gastronome/archives/000775.html" "Mozilla/4.0 (compatible; MSIE 5.5; Windows 95; FunWebProducts)"
209.237.238.175 - - [06/Nov/2004:22:28:30 -0500] "GET /images/treetrimming02/Pages/Image10.html HTTP/1.0" 200 340 "-" "ia_archiver"
209.237.238.175 - - [06/Nov/2004:22:28:37 -0500] "GET /images/jandg/Pages/Image5.html HTTP/1.0" 200 297 "-" "ia_archiver"
209.237.238.175 - - [06/Nov/2004:22:28:53 -0500] "GET /images/jandg/Pages/Image4.html HTTP/1.0" 200 307 "-" "ia_archiver"
209.237.238.175 - - [06/Nov/2004:22:29:06 -0500] "GET /images/treetrimming02/Pages/Image1.html HTTP/1.0" 200 363 "-" "ia_archiver"
209.237.238.175 - - [06/Nov/2004:22:29:20 -0500] "GET /images/jandg/Pages/Image6.html HTTP/1.0" 200 299 "-" "ia_archiver"
209.237.238.175 - - [06/Nov/2004:22:29:24 -0500] "GET /images/treetrimming02/Pages/Image11.html HTTP/1.0" 200 340 "-" "ia_archiver"
209.237.238.175 - - [06/Nov/2004:22:29:28 -0500] "GET /images/jandg/Pages/Image3.html HTTP/1.0" 200 301 "-" "ia_archiver"
209.237.238.175 - - [06/Nov/2004:22:29:32 -0500] "GET /images/treetrimming02/Pages/Image0.html HTTP/1.0" 200 348 "-" "ia_archiver"
209.237.238.175 - - [06/Nov/2004:22:29:45 -0500] "GET /images/jandg/Pages/Image2.html HTTP/1.0" 200 295 "-" "ia_archiver"
209.237.238.175 - - [06/Nov/2004:22:29:59 -0500] "GET /images/treetrimming02/Pages/Image14.html HTTP/1.0" 200 400 "-" "ia_archiver"
209.237.238.175 - - [06/Nov/2004:22:30:04 -0500] "GET /images/treetrimming02/Pages/Image13.html HTTP/1.0" 200 316 "-" "ia_archiver"
209.237.238.175 - - [06/Nov/2004:22:30:12 -0500] "GET /images/treetrimming02/Pages/Image12.html HTTP/1.0" 200 370 "-" "ia_archiver"
209.237.238.175 - - [06/Nov/2004:22:30:16 -0500] "GET /images/jandg/Pages/Image0.html HTTP/1.0" 200 297 "-" "ia_archiver"
209.237.238.175 - - [06/Nov/2004:22:30:20 -0500] "GET /images/jandg/Pages/Image1.html HTTP/1.0" 200 303 "-" "ia_archiver"
61.68.22.54 - - [06/Nov/2004:22:31:52 -0500] "GET /images/gastronome_215_50.jpg HTTP/1.1" 200 7944 "http://regency.estarcion.com/~mt/gastronome/archives/001005.html" "Mozilla/4.0 (compatible; MSIE 6.0; Windows NT 5.1; SV1; .NET CLR 1.1.4322)"
66.194.6.78 - - [06/Nov/2004:22:32:40 -0500] "GET /kaleja/yabahoo.html HTTP/1.1" 200 6907 "-" "Mozilla/4.0 (compatible; MSIE 6.0; Windows NT 5.1; Q312460)"
200.95.48.43 - - [06/Nov/2004:22:34:03 -0500] "GET /images/ubvb_spill.jpg HTTP/1.1" 200 10596 "http://www.bossanova.com/meriko/archives/000477.html" "Mozilla/4.0 (compatible; MSIE 6.0; Windows NT 5.0)"
200.95.48.43 - - [06/Nov/2004:22:34:04 -0500] "GET /shock/images/tokyo/metro1.jpg HTTP/1.1" 200 49765 "http://www.bossanova.com/meriko/archives/000477.html" "Mozilla/4.0 (compatible; MSIE 6.0; Windows NT 5.0)"
200.95.48.43 - - [06/Nov/2004:22:34:05 -0500] "GET /shock/images/tokyo/trees2.jpg HTTP/1.1" 200 71528 "http://www.bossanova.com/meriko/archives/000477.html" "Mozilla/4.0 (compatible; MSIE 6.0; Windows NT 5.0)"
65.101.27.14 - - [06/Nov/2004:22:46:48 -0500] "GET /images/gastronome_215_50.jpg HTTP/1.1" 200 7944 "http://regency.estarcion.com/~mt/gastronome/archives/2003_10.html" "Mozilla/4.0 (compatible; MSIE 6.0; Windows 98; ONLINE 5.5)"
24.215.158.199 - - [06/Nov/2004:22:46:54 -0500] "GET /images/frenchlaundry/clothespinwhitetall.jpg HTTP/1.1" 200 18982 "http://www.bossanova.com/meriko/archives/2002_05.html" "Mozilla/5.0 (Macintosh; U; PPC Mac OS X; en-us) AppleWebKit/85.8.2 (KHTML, like Gecko) Safari/85.8"
24.215.158.199 - - [06/Nov/2004:22:46:54 -0500] "GET /shock/images/manyslingsm.jpeg HTTP/1.1" 200 16683 "http://www.bossanova.com/meriko/archives/2002_05.html" "Mozilla/5.0 (Macintosh; U; PPC Mac OS X; en-us) AppleWebKit/85.8.2 (KHTML, like Gecko) Safari/85.8"
24.215.158.199 - - [06/Nov/2004:22:46:54 -0500] "GET /images/ubvb_spill.jpg HTTP/1.1" 200 10596 "http://www.bossanova.com/meriko/archives/2002_05.html" "Mozilla/5.0 (Macintosh; U; PPC Mac OS X; en-us) AppleWebKit/85.8.2 (KHTML, like Gecko) Safari/85.8"
24.215.158.199 - - [06/Nov/2004:22:46:54 -0500] "GET /images/frenchlaundry/russelldoor.jpg HTTP/1.1" 200 61610 "http://www.bossanova.com/meriko/archives/2002_05.html" "Mozilla/5.0 (Macintosh; U; PPC Mac OS X; en-us) AppleWebKit/85.8.2 (KHTML, like Gecko) Safari/85.8"
24.215.158.199 - - [06/Nov/2004:22:46:55 -0500] "GET /shock/images/lemonlimesm.jpg HTTP/1.1" 200 108099 "http://images.google.com/imgres?imgurl=http://www.estarcion.com/shock/images/lemonlimesm.jpg&imgrefurl=http://www.bossanova.com/meriko/archives/2002_05.html&h=493&w=480&sz=106&tbnid=zX3bDS9AXMkJ:&tbnh=126&tbnw=123&prev=/images%3Fq%3Dlemons%2Bor%2Blimes%2B%26hl%3Den%26lr%3D%26c2coff%3D1%26sa%3DG&frame=small" "Mozilla/5.0 (Macintosh; U; PPC Mac OS X; en-us) AppleWebKit/85.8.2 (KHTML, like Gecko) Safari/85.8"
24.215.158.199 - - [06/Nov/2004:22:46:55 -0500] "GET /favicon.ico HTTP/1.1" 404 217 "-" "Mozilla/5.0 (Macintosh; U; PPC Mac OS X; en-us) AppleWebKit/85.8.2 (KHTML, like Gecko) Safari/85.8"
24.215.158.199 - - [06/Nov/2004:22:47:06 -0500] "GET /shock/images/lemonlimesm.jpg HTTP/1.1" 200 108099 "-" "-"
207.46.98.58 - - [06/Nov/2004:22:52:39 -0500] "GET /kaleja/xrogue.html HTTP/1.0" 200 75808 "-" "msnbot/0.3 (+http://search.msn.com/msnbot.htm)"
218.40.101.222 - - [06/Nov/2004:22:53:37 -0500] "GET /images/gastronome_215_50.jpg HTTP/1.1" 200 7944 "http://regency.estarcion.com/~mt/gastronome/archives/cat_recipes_salads.html" "Mozilla/4.0 (compatible; MSIE 6.0; Windows NT 5.1; .NET CLR 1.1.4322)"
24.46.195.160 - - [06/Nov/2004:22:53:46 -0500] "GET /images/gastronome_640_100.jpg HTTP/1.1" 304 - "http://regency.estarcion.com/~mt/gastronome/" "Mozilla/4.0 (compatible; MSIE 6.0; Windows NT 5.0; .NET CLR 1.1.4322)"
65.214.36.57 - - [06/Nov/2004:22:54:13 -0500] "GET /shock/food/recipes/saffronpasta.sthml HTTP/1.0" 404 231 "-" "Mozilla/2.0 (compatible; Ask Jeeves/Teoma)"
65.214.36.57 - - [06/Nov/2004:22:55:10 -0500] "GET /shock/food/recipes/garlicsoup.shtml HTTP/1.0" 200 10138 "-" "Mozilla/2.0 (compatible; Ask Jeeves/Teoma)"
65.214.36.57 - - [06/Nov/2004:22:55:50 -0500] "GET /shock/food/recipes/avgolemono.shtml HTTP/1.0" 200 10078 "-" "Mozilla/2.0 (compatible; Ask Jeeves/Teoma)"
65.214.36.57 - - [06/Nov/2004:22:56:25 -0500] "GET /shock/food/recipes/fishchowder.shtml HTTP/1.0" 200 10676 "-" "Mozilla/2.0 (compatible; Ask Jeeves/Teoma)"
65.214.36.57 - - [06/Nov/2004:22:57:06 -0500] "GET /shock/food/recipes/eggplantsoup.shtml HTTP/1.0" 200 10553 "-" "Mozilla/2.0 (compatible; Ask Jeeves/Teoma)"
207.46.98.58 - - [06/Nov/2004:22:57:09 -0500] "GET /tinygod/nfs.html HTTP/1.0" 302 223 "-" "msnbot/0.3 (+http://search.msn.com/msnbot.htm)"
65.214.36.57 - - [06/Nov/2004:22:58:03 -0500] "GET /shock/food/recipes/godfather.shtml HTTP/1.0" 200 8954 "-" "Mozilla/2.0 (compatible; Ask Jeeves/Teoma)"
65.214.36.57 - - [06/Nov/2004:22:58:49 -0500] "GET /shock/food/recipes/manhattan.shtml HTTP/1.0" 200 8982 "-" "Mozilla/2.0 (compatible; Ask Jeeves/Teoma)"
65.214.36.57 - - [06/Nov/2004:22:59:29 -0500] "GET /shock/food/recipes/whiskeycherry.shtml HTTP/1.0" 200 9719 "-" "Mozilla/2.0 (compatible; Ask Jeeves/Teoma)"
143.44.77.241 - - [06/Nov/2004:23:03:42 -0500] "GET /images/gastronome_215_50.jpg HTTP/1.1" 200 7944 "http://regency.estarcion.com/~mt/gastronome/archives/001012.html" "Mozilla/4.0 (compatible; MSIE 6.0; Windows NT 5.1; SV1)"
207.46.98.58 - - [06/Nov/2004:23:05:52 -0500] "GET /tinygod/index.html HTTP/1.0" 200 1173 "-" "msnbot/0.3 (+http://search.msn.com/msnbot.htm)"
24.0.172.254 - - [06/Nov/2004:23:19:42 -0500] "GET /images/gastronome_215_50.jpg HTTP/1.1" 200 7944 "-" "Mozilla/4.0 (compatible; MSIE 6.0; Windows 98; Win 9x 4.90; Hotbar 4.3.5.0; FunWebProducts)"
64.12.116.73 - - [06/Nov/2004:23:24:35 -0500] "GET /deviant/madness.html HTTP/1.0" 200 13574 "-" "Mozilla/4.0 (compatible; MSIE 6.0; AOL 8.0; Windows NT 5.1; SV1; .NET CLR 1.0.3705)"
200.74.173.171 - - [06/Nov/2004:23:27:56 -0500] "GET /sylvain/images/ HTTP/1.1" 200 4136 "http://images.google.cl/imgres?imgurl=http://www.estarcion.com/sylvain/images/neon.JPG&imgrefurl=http://www.estarcion.com/sylvain/images/&h=480&w=640&sz=87&tbnid=yOHZElwxgjgJ:&tbnh=101&tbnw=134&start=206&prev=/images%3Fq%3Dneon%26start%3D200%26hl%3Des%26lr%3D%26sa%3DN" "Mozilla/4.0 (compatible; MSIE 6.0; Windows NT 5.1)"
200.74.173.171 - - [06/Nov/2004:23:27:56 -0500] "GET /icons/blank.gif HTTP/1.1" 200 148 "http://www.estarcion.com/sylvain/images/" "Mozilla/4.0 (compatible; MSIE 6.0; Windows NT 5.1)"
200.74.173.171 - - [06/Nov/2004:23:27:56 -0500] "GET /icons/back.gif HTTP/1.1" 200 216 "http://www.estarcion.com/sylvain/images/" "Mozilla/4.0 (compatible; MSIE 6.0; Windows NT 5.1)"
200.74.173.171 - - [06/Nov/2004:23:27:57 -0500] "GET /icons/image2.gif HTTP/1.1" 200 309 "http://www.estarcion.com/sylvain/images/" "Mozilla/4.0 (compatible; MSIE 6.0; Windows NT 5.1)"
200.74.173.171 - - [06/Nov/2004:23:27:59 -0500] "GET /sylvain/images/neon.JPG HTTP/1.1" 200 88941 "http://images.google.cl/imgres?imgurl=http://www.estarcion.com/sylvain/images/neon.JPG&imgrefurl=http://www.estarcion.com/sylvain/images/&h=480&w=640&sz=87&tbnid=yOHZElwxgjgJ:&tbnh=101&tbnw=134&prev=/images%3Fq%3Dneon%26start%3D200%26hl%3Des%26lr%3D%26sa%3DN&frame=small" "Mozilla/4.0 (compatible; MSIE 6.0; Windows NT 5.1)"
67.124.90.157 - - [06/Nov/2004:23:31:50 -0500] "GET /images/gastronome_215_50.jpg HTTP/1.1" 200 7944 "http://regency.estarcion.com/~mt/gastronome/archives/2002_11.html" "Mozilla/4.0 (compatible; MSIE 6.0; Windows NT 5.1; YPC 3.0.1; yplus 4.1.00b)"
67.124.90.157 - - [06/Nov/2004:23:31:51 -0500] "GET /shock/food/images/isotopefood/Thumbnails/3.jpg HTTP/1.1" 200 6897 "http://regency.estarcion.com/~mt/gastronome/archives/2002_11.html" "Mozilla/4.0 (compatible; MSIE 6.0; Windows NT 5.1; YPC 3.0.1; yplus 4.1.00b)"
67.124.90.157 - - [06/Nov/2004:23:31:51 -0500] "GET /shock/food/images/duanebday02/Thumbnails/5.jpg HTTP/1.1" 200 5416 "http://regency.estarcion.com/~mt/gastronome/archives/2002_11.html" "Mozilla/4.0 (compatible; MSIE 6.0; Windows NT 5.1; YPC 3.0.1; yplus 4.1.00b)"
203.166.96.237 - - [06/Nov/2004:23:35:28 -0500] "GET /shock/books.jpg HTTP/1.1" 200 14674 "http://regency.estarcion.com/~mt/litwank/" "Mozilla/4.0 (compatible; MSIE 6.0; Windows 98; Win 9x 4.90; (R1 1.5))"
64.41.127.26 - - [06/Nov/2004:23:40:44 -0500] "HEAD /shock/food/recipes/risotto.shtml HTTP/1.1" 200 0 "-" "-"
67.122.110.45 - - [06/Nov/2004:23:44:09 -0500] "GET /kaleja/yabahoo.html HTTP/1.1" 200 6907 "http://images.search.yahoo.com/search/images/view?back=http%3A%2F%2Fimages.search.yahoo.com%2Fsearch%2Fimages%3Fp%3DAnubis%26ei%3DUTF-8%26fl%3D0%26fr%3DFP-tab-img-t-151%26b%3D81&h=384&w=512&imgcurl=www.estarcion.com%2Fkaleja%2Fanubis1.jpg&imgurl=www.estarcion.com%2Fkaleja%2Fanubis1.jpg&size=54.1kB&name=anubis1.jpg&rcurl=http%3A%2F%2Fwww.estarcion.com%2Fkaleja%2Fyabahoo.html&rurl=http%3A%2F%2Fwww.estarcion.com%2Fkaleja%2Fyabahoo.html&p=Anubis&type=jpeg&no=89&tt=15,865" "Mozilla/5.0 (Windows; U; Windows NT 5.0; en-US; rv:1.7) Gecko/20040803 Firefox/0.9.3"
67.122.110.45 - - [06/Nov/2004:23:44:09 -0500] "GET /kaleja/anubisthumb.jpg HTTP/1.1" 200 10378 "http://www.estarcion.com/kaleja/yabahoo.html" "Mozilla/5.0 (Windows; U; Windows NT 5.0; en-US; rv:1.7) Gecko/20040803 Firefox/0.9.3"
67.122.110.45 - - [06/Nov/2004:23:44:10 -0500] "GET /kaleja/anubis1.jpg HTTP/1.1" 200 55358 "http://images.search.yahoo.com/search/images/view?frame=top&back=http%3A%2F%2Fimages.search.yahoo.com%2Fsearch%2Fimages%3Fp%3DAnubis%26ei%3DUTF-8%26fl%3D0%26fr%3DFP-tab-img-t-151%26b%3D81&h=384&w=512&imgcurl=www.estarcion.com%2Fkaleja%2Fanubis1.jpg&imgurl=www.estarcion.com%2Fkaleja%2Fanubis1.jpg&size=54.1kB&name=anubis1.jpg&rcurl=http%3A%2F%2Fwww.estarcion.com%2Fkaleja%2Fyabahoo.html&rurl=http%3A%2F%2Fwww.estarcion.com%2Fkaleja%2Fyabahoo.html&p=Anubis&type=jpeg&no=89&tt=15,865" "Mozilla/5.0 (Windows; U; Windows NT 5.0; en-US; rv:1.7) Gecko/20040803 Firefox/0.9.3"
67.122.110.45 - - [06/Nov/2004:23:44:10 -0500] "GET /kaleja/desertthumb.jpg HTTP/1.1" 200 5711 "http://www.estarcion.com/kaleja/yabahoo.html" "Mozilla/5.0 (Windows; U; Windows NT 5.0; en-US; rv:1.7) Gecko/20040803 Firefox/0.9.3"
67.122.110.45 - - [06/Nov/2004:23:44:10 -0500] "GET /kaleja/isisthumb.jpg HTTP/1.1" 200 8256 "http://www.estarcion.com/kaleja/yabahoo.html" "Mozilla/5.0 (Windows; U; Windows NT 5.0; en-US; rv:1.7) Gecko/20040803 Firefox/0.9.3"
67.122.110.45 - - [06/Nov/2004:23:44:10 -0500] "GET /kaleja/cavethumb.jpg HTTP/1.1" 200 6740 "http://www.estarcion.com/kaleja/yabahoo.html" "Mozilla/5.0 (Windows; U; Windows NT 5.0; en-US; rv:1.7) Gecko/20040803 Firefox/0.9.3"
67.122.110.45 - - [06/Nov/2004:23:44:10 -0500] "GET /kaleja/captivation.jpg HTTP/1.1" 200 11766 "http://www.estarcion.com/kaleja/yabahoo.html" "Mozilla/5.0 (Windows; U; Windows NT 5.0; en-US; rv:1.7) Gecko/20040803 Firefox/0.9.3"
67.122.110.45 - - [06/Nov/2004:23:44:11 -0500] "GET /favicon.ico HTTP/1.1" 404 217 "-" "Mozilla/5.0 (Windows; U; Windows NT 5.0; en-US; rv:1.7) Gecko/20040803 Firefox/0.9.3"
24.87.160.136 - - [06/Nov/2004:23:45:06 -0500] "GET /images/gastronome_640_100.jpg HTTP/1.1" 200 18472 "http://www.exrecto.com/gastronome/" "Mozilla/5.0 (Windows; U; Windows NT 5.1; rv:1.7.3) Gecko/20041001 Firefox/0.10.1"
67.173.139.40 - - [06/Nov/2004:23:48:10 -0500] "GET /images/gastronome_215_50.jpg HTTP/1.1" 200 7944 "-" "Mozilla/5.0 (Windows; U; Windows NT 5.1; en-US; rv:1.6) Gecko/20040206 Firefox/0.8"
207.172.92.114 - - [06/Nov/2004:23:51:22 -0500] "GET /tinygod/tinygod.html HTTP/1.1" 200 539 "http://www.kvr-vst.com/forum/viewtopic.php?t=9780" "Mozilla/4.0 (compatible; MSIE 6.0; Windows NT 5.1; SV1; Maxthon; (R1 1.5))"
207.172.92.114 - - [06/Nov/2004:23:51:22 -0500] "GET /tinygod/biglogo.gif HTTP/1.1" 200 8910 "http://www.estarcion.com/tinygod/tinygod.html" "Mozilla/4.0 (compatible; MSIE 6.0; Windows NT 5.1; SV1; Maxthon; (R1 1.5))"
207.172.92.114 - - [06/Nov/2004:23:51:22 -0500] "GET /favicon.ico HTTP/1.1" 404 217 "-" "Mozilla/4.0 (compatible; MSIE 6.0; Windows NT 5.1; SV1; Maxthon; (R1 1.5))"
172.208.200.239 - - [06/Nov/2004:23:54:57 -0500] "GET /images/gastronome_215_50.jpg HTTP/1.1" 200 7944 "http://regency.estarcion.com/~mt/gastronome/archives/000794.html" "Mozilla/5.0 (Windows; U; Windows NT 5.1; rv:1.7.3) Gecko/20040913 Firefox/0.10.1"